{"id":25216,"date":"2021-02-05T09:31:06","date_gmt":"2021-02-05T09:31:06","guid":{"rendered":"http:\/\/novagestioinmobiliaria.com\/?post_type=estate&#038;p=25216"},"modified":"2021-02-09T11:09:02","modified_gmt":"2021-02-09T11:09:02","slug":"finca-mit-meerblick-in-son-carrio-zur-miete-nova-gestio-inmobiliaria-fr757sca-ade","status":"publish","type":"estate","link":"https:\/\/novagestioinmobiliaria.com\/de\/propiedades-properties-immobilien\/finca-mit-meerblick-in-son-carrio-zur-miete-nova-gestio-inmobiliaria-fr757sca-ade\/","title":{"rendered":"Finca mit Meerblick in Son Carri\u00f3 zur Miete : : FR757SCA-ADE"},"content":{"rendered":"<p style=\"text-align: justify;\"><strong>Finca mit Meerblick zu vermieten<\/strong>, in <strong>Son Carri\u00f3<\/strong>, mit einem kleinen <strong>Pool<\/strong> und einer fantastischen <strong>Veranda<\/strong>.<\/p>\n<p style=\"text-align: justify;\">Nur das Erdgeschoss des Hauses steht zur Miete. Sie besteht aus circa 150 M\u00b2 mit <strong>3 Schlafzimmern<\/strong>, 2 B\u00e4dern, einem ger\u00e4umigen Wohn- und Esszimmer mit <strong>Kamin<\/strong>, einer <strong>gro\u00dfen K\u00fcche<\/strong> (neu m\u00f6bliert) und einem Abstellraum. Der Wohnraum verf\u00fcgt \u00fcber <strong>Zentralheizung<\/strong>. Von der Veranda und dem eingez\u00e4unten <strong>Garten<\/strong> mit Pool aus hat man einen spektakul\u00e4ren <strong>Ausblick aufs Meer<\/strong> und die umliegenden Felder.<\/p>\n<p style=\"text-align: justify;\">Dieses Landhaus kann sowohl <strong>m\u00f6bliert als auch unm\u00f6bliert<\/strong> gemietet werden.<\/p>\n<p style=\"text-align: justify; padding-left: 30px;\">Mietkonditionen:<br \/>\n\u2022 Mindestmietzeit 1 Monat.<br \/>\n\u2022 Zur <strong>Langzeitmiete<\/strong> m\u00fcssen Gehaltsabrechnungen oder Einkommen vorgewiesen werden.<br \/>\n\u2022 Nebenkosten sind separat zu zahlen.<br \/>\n\u2022 Unm\u00f6bliert: 1 Monatsmiete Kaution. M\u00f6bliert: 2 Monatsmieten Kaution.<br \/>\n\u2022 1 Monatsmiete Maklerprovision.<br \/>\n\u2022 <strong>Haustiere sind bedingt gestattet<\/strong>.<\/p>\n","protected":false},"author":1,"featured_media":25173,"template":"","_links":{"self":[{"href":"https:\/\/novagestioinmobiliaria.com\/de\/wp-json\/wp\/v2\/estate\/25216"}],"collection":[{"href":"https:\/\/novagestioinmobiliaria.com\/de\/wp-json\/wp\/v2\/estate"}],"about":[{"href":"https:\/\/novagestioinmobiliaria.com\/de\/wp-json\/wp\/v2\/types\/estate"}],"author":[{"embeddable":true,"href":"https:\/\/novagestioinmobiliaria.com\/de\/wp-json\/wp\/v2\/users\/1"}],"wp:featuredmedia":[{"embeddable":true,"href":"https:\/\/novagestioinmobiliaria.com\/de\/wp-json\/wp\/v2\/media\/25173"}],"wp:attachment":[{"href":"https:\/\/novagestioinmobiliaria.com\/de\/wp-json\/wp\/v2\/media?parent=25216"}],"curies":[{"name":"wp","href":"https:\/\/api.w.org\/{rel}","templated":true}]}}

Finca mit Meerblick in Son Carrió zur Miete : : FR757SCA-ADE

<p style="text-align: justify;"><strong>Finca mit Meerblick zu vermieten</strong>, in <strong>Son Carrió</strong>, mit einem kleinen <strong>Pool</strong> und einer fantastischen <strong>Veranda</strong>.</p>
<p style="text-align: justify;">Nur das Erdgeschoss des Hauses steht zur Miete. Sie besteht aus circa 150 M² mit <strong>3 Schlafzimmern</strong>, 2 Bädern, einem geräumigen Wohn- und Esszimmer mit <strong>Kamin</strong>, einer <strong>großen Küche</strong> (neu möbliert) und einem Abstellraum. Der Wohnraum verfügt über <strong>Zentralheizung</strong>. Von der Veranda und dem eingezäunten <strong>Garten</strong> mit Pool aus hat man einen spektakulären <strong>Ausblick aufs Meer</strong> und die umliegenden Felder.</p>
<p style="text-align: justify;">Dieses Landhaus kann sowohl <strong>möbliert als auch unmöbliert</strong> gemietet werden.</p>
<p style="text-align: justify; padding-left: 30px;">Mietkonditionen:<br />
• Mindestmietzeit 1 Monat.<br />
• Zur <strong>Langzeitmiete</strong> müssen Gehaltsabrechnungen oder Einkommen vorgewiesen werden.<br />
• Nebenkosten sind separat zu zahlen.<br />
• Unmöbliert: 1 Monatsmiete Kaution. Möbliert: 2 Monatsmieten Kaution.<br />
• 1 Monatsmiete Maklerprovision.<br />
• <strong>Haustiere sind bedingt gestattet</strong>.</p>
