{"id":38052,"date":"2020-07-13T07:07:33","date_gmt":"2020-07-13T07:07:33","guid":{"rendered":"https:\/\/novagestioinmobiliaria.com\/propiedades-properties-immobilien\/wohnung-in-porto-cristo-zur-saison-miete-pi882pc-ade\/"},"modified":"2020-09-16T09:11:38","modified_gmt":"2020-09-16T09:11:38","slug":"wohnung-in-porto-cristo-zur-saison-miete-nova-gestio-inmobiliaria-pi882pc-ade","status":"publish","type":"estate","link":"https:\/\/novagestioinmobiliaria.com\/de\/propiedades-properties-immobilien\/wohnung-in-porto-cristo-zur-saison-miete-nova-gestio-inmobiliaria-pi882pc-ade\/","title":{"rendered":"Wohnung in Porto Cristo zur Saison-Miete : : PI882PC-ADE"},"content":{"rendered":"<p style=\"text-align: center;\"><span style=\"color: #ff0000;\">NICHT VERF\u00dcGBAR!<\/span><\/p>\n<p style=\"text-align: justify;\"><strong>Wohnung zur Miete in Porto Cristo<\/strong>, nur zur <strong>Saison-Miete<\/strong>. Gelegen nur circa 300 Meter vom <strong>Meer<\/strong> und vom <strong>Strand<\/strong> entfernt.<\/p>\n<p style=\"text-align: justify;\">Die <strong>Wohnung<\/strong> wurde <strong>k\u00fcrzlich renoviert<\/strong>. Sie besteht aus circa 70 M\u00b2 und verf\u00fcgt \u00fcber <strong>2 Schlafzimmer<\/strong> (ein Doppel- und ein Einzelzimmer), 1 Bad, ein Wohn- und Esszimmer mit einer offenen K\u00fcche, einen <strong>Balkon<\/strong> und einen kleinen Abstellraum mit einer Waschmaschine. Sie verf\u00fcgt \u00fcber <strong>Internetanschluss<\/strong>.<\/p>\n<p style=\"text-align: justify;\">Das D\u00f6rfchen <strong>Porto Cristo<\/strong> befindet sich an <strong>Mallorca<\/strong>s <strong>Ostk\u00fcste<\/strong> und bietet, neben seinem charmanten <strong>Hafen<\/strong> und seinem sch\u00f6nen <strong>Strand<\/strong>, alles was man braucht: gute <strong>Restaurants<\/strong>, h\u00fcbsche <strong>Caf\u00e9s<\/strong>, ein internationales Krankenhaus (Hospital de Llevant), eine Vielzahl an verschiedenen L\u00e4den, Superm\u00e4rkte, Banken, Bars, usw. Hier befinden sich auch die ber\u00fchmten <em><strong>Drach-H\u00f6hlen<\/strong><\/em>. Traumhafte <strong>Str\u00e4nde<\/strong> wie <strong>Cala Mandia<\/strong> oder <strong>Cala Varques<\/strong> befinden sich ganz in der N\u00e4he und bis zur zweitgr\u00f6\u00dften Stadt Mallorcas, <strong>Manacor<\/strong>, sind es nur circa 10 Km, wo Sie unter anderem auch ein Kino und die <em><strong>Rafa Nadal Academy<\/strong><\/em> finden.<\/p>\n<p style=\"text-align: justify; padding-left: 30px;\">Mietkonditionen:<br \/>\n\u2022 Vorauszahlung der Miete erforderlich.<br \/>\n\u2022 Ausschlie\u00dflich verf\u00fcgbar ab dem 1. bis zum 30. September.<br \/>\n\u2022 <strong>Alle Nebenkosten sind im Mietpreis inklusive<\/strong>.<br \/>\n\u2022 1 Monatsmiete Kaution, 200 \u20ac Maklerprovision.<br \/>\n\u2022 Tiere sind nicht gestattet.<\/p>\n","protected":false},"author":1,"featured_media":37810,"template":"","_links":{"self":[{"href":"https:\/\/novagestioinmobiliaria.com\/de\/wp-json\/wp\/v2\/estate\/38052"}],"collection":[{"href":"https:\/\/novagestioinmobiliaria.com\/de\/wp-json\/wp\/v2\/estate"}],"about":[{"href":"https:\/\/novagestioinmobiliaria.com\/de\/wp-json\/wp\/v2\/types\/estate"}],"author":[{"embeddable":true,"href":"https:\/\/novagestioinmobiliaria.com\/de\/wp-json\/wp\/v2\/users\/1"}],"wp:featuredmedia":[{"embeddable":true,"href":"https:\/\/novagestioinmobiliaria.com\/de\/wp-json\/wp\/v2\/media\/37810"}],"wp:attachment":[{"href":"https:\/\/novagestioinmobiliaria.com\/de\/wp-json\/wp\/v2\/media?parent=38052"}],"curies":[{"name":"wp","href":"https:\/\/api.w.org\/{rel}","templated":true}]}}

<p style="text-align: center;"><span style="color: #ff0000;">NICHT VERFÜGBAR!</span></p>
<p style="text-align: justify;"><strong>Wohnung zur Miete in Porto Cristo</strong>, nur zur <strong>Saison-Miete</strong>. Gelegen nur circa 300 Meter vom <strong>Meer</strong> und vom <strong>Strand</strong> entfernt.</p>
<p style="text-align: justify;">Die <strong>Wohnung</strong> wurde <strong>kürzlich renoviert</strong>. Sie besteht aus circa 70 M² und verfügt über <strong>2 Schlafzimmer</strong> (ein Doppel- und ein Einzelzimmer), 1 Bad, ein Wohn- und Esszimmer mit einer offenen Küche, einen <strong>Balkon</strong> und einen kleinen Abstellraum mit einer Waschmaschine. Sie verfügt über <strong>Internetanschluss</strong>.</p>
<p style="text-align: justify;">Das Dörfchen <strong>Porto Cristo</strong> befindet sich an <strong>Mallorca</strong>s <strong>Ostküste</strong> und bietet, neben seinem charmanten <strong>Hafen</strong> und seinem schönen <strong>Strand</strong>, alles was man braucht: gute <strong>Restaurants</strong>, hübsche <strong>Cafés</strong>, ein internationales Krankenhaus (Hospital de Llevant), eine Vielzahl an verschiedenen Läden, Supermärkte, Banken, Bars, usw. Hier befinden sich auch die berühmten <em><strong>Drach-Höhlen</strong></em>. Traumhafte <strong>Strände</strong> wie <strong>Cala Mandia</strong> oder <strong>Cala Varques</strong> befinden sich ganz in der Nähe und bis zur zweitgrößten Stadt Mallorcas, <strong>Manacor</strong>, sind es nur circa 10 Km, wo Sie unter anderem auch ein Kino und die <em><strong>Rafa Nadal Academy</strong></em> finden.</p>
<p style="text-align: justify; padding-left: 30px;">Mietkonditionen:<br />
• Vorauszahlung der Miete erforderlich.<br />
• Ausschließlich verfügbar ab dem 1. bis zum 30. September.<br />
• <strong>Alle Nebenkosten sind im Mietpreis inklusive</strong>.<br />
• 1 Monatsmiete Kaution, 200 € Maklerprovision.<br />
• Tiere sind nicht gestattet.</p>
