{"id":38797,"date":"2021-06-20T08:42:23","date_gmt":"2021-06-20T08:42:23","guid":{"rendered":"https:\/\/novagestioinmobiliaria.com\/propiedades-properties-immobilien\/wohnung-zur-miete-in-manacor-pi888ma-ade\/"},"modified":"2021-07-03T08:01:32","modified_gmt":"2021-07-03T08:01:32","slug":"wohnung-zur-miete-in-manacor-pi888ma-ade","status":"publish","type":"estate","link":"https:\/\/novagestioinmobiliaria.com\/de\/propiedades-properties-immobilien\/wohnung-zur-miete-in-manacor-pi888ma-ade\/","title":{"rendered":"Wohnung zur Miete in Manacor  : : PI888MA-ADE"},"content":{"rendered":"<p style=\"text-align: center;\">\n<p style=\"text-align: justify;\">Sch\u00f6ne und sehr helle Mietwohnung in <strong>Manacor<\/strong>, ca. 115 m\u00b2 gro\u00df, mit einer <strong>Terrasse<\/strong> von 30 m\u00b2. Es befindet sich in einem Gebiet mit einer breiten Stra\u00dfe und ist gut angebunden. Es verf\u00fcgt \u00fcber <strong>3 Schlafzimmer<\/strong> plus <strong>einen Abstellraum<\/strong> von ca. 30 m\u00b2, <strong>2 Badezimmer (1 en suite)<\/strong> mit Dusche und ein weiteres mit Badewanne, <strong>Einbauk\u00fcche<\/strong> mit K\u00fchlschrank, Geschirrsp\u00fcler, Backofen, Mikrowelle und Gasherd, <strong>Waschk\u00fcche<\/strong>, gro\u00dfes Wohnzimmer, Zentralheizung mit Propangas. Es hat einen <strong>Wasserenth\u00e4rter<\/strong>. Es wird teilm\u00f6bliert vermietet. Es handelt sich um eine 1. Etage in einem Anwesen mit nur 8 Nachbarn.\u00a0M\u00f6glichkeit, einen Parkplatz zu mieten: 50 \u20ac<\/p>\n<p style=\"text-align: justify; padding-left: 30px;\">Mietkonditionen:<br \/>\n\u2022 Ausschlie\u00dflich zur Langzeitmiete.<br \/>\n\u2022 Zahlungsf\u00e4higkeit muss vorgewiesen werden.<br \/>\n\u2022 Gemeinschaftsbeitr\u00e4ge sind im Mietpreis inklusive, Nebenkosten sind separat zu zahlen.<br \/>\n\u2022 1 Monatsmiete Kaution, 1 Monatsmiete Maklerprovision.<br \/>\n\u2022 Tiere sind nicht gestattet.<\/p>\n<p style=\"text-align: justify;\">\u00dcbersetzt mit www.DeepL.com\/Translator (kostenlose Version)<\/p>\n<div id=\"gtx-trans\" style=\"position: absolute; left: 496px; top: 0px;\"><\/div>\n","protected":false},"author":1,"featured_media":38741,"template":"","_links":{"self":[{"href":"https:\/\/novagestioinmobiliaria.com\/de\/wp-json\/wp\/v2\/estate\/38797"}],"collection":[{"href":"https:\/\/novagestioinmobiliaria.com\/de\/wp-json\/wp\/v2\/estate"}],"about":[{"href":"https:\/\/novagestioinmobiliaria.com\/de\/wp-json\/wp\/v2\/types\/estate"}],"author":[{"embeddable":true,"href":"https:\/\/novagestioinmobiliaria.com\/de\/wp-json\/wp\/v2\/users\/1"}],"wp:featuredmedia":[{"embeddable":true,"href":"https:\/\/novagestioinmobiliaria.com\/de\/wp-json\/wp\/v2\/media\/38741"}],"wp:attachment":[{"href":"https:\/\/novagestioinmobiliaria.com\/de\/wp-json\/wp\/v2\/media?parent=38797"}],"curies":[{"name":"wp","href":"https:\/\/api.w.org\/{rel}","templated":true}]}}

<p style="text-align: center;">
<p style="text-align: justify;">Schöne und sehr helle Mietwohnung in <strong>Manacor</strong>, ca. 115 m² groß, mit einer <strong>Terrasse</strong> von 30 m². Es befindet sich in einem Gebiet mit einer breiten Straße und ist gut angebunden. Es verfügt über <strong>3 Schlafzimmer</strong> plus <strong>einen Abstellraum</strong> von ca. 30 m², <strong>2 Badezimmer (1 en suite)</strong> mit Dusche und ein weiteres mit Badewanne, <strong>Einbauküche</strong> mit Kühlschrank, Geschirrspüler, Backofen, Mikrowelle und Gasherd, <strong>Waschküche</strong>, großes Wohnzimmer, Zentralheizung mit Propangas. Es hat einen <strong>Wasserenthärter</strong>. Es wird teilmöbliert vermietet. Es handelt sich um eine 1. Etage in einem Anwesen mit nur 8 Nachbarn. Möglichkeit, einen Parkplatz zu mieten: 50 €</p>
<p style="text-align: justify; padding-left: 30px;">Mietkonditionen:<br />
• Ausschließlich zur Langzeitmiete.<br />
• Zahlungsfähigkeit muss vorgewiesen werden.<br />
• Gemeinschaftsbeiträge sind im Mietpreis inklusive, Nebenkosten sind separat zu zahlen.<br />
• 1 Monatsmiete Kaution, 1 Monatsmiete Maklerprovision.<br />
• Tiere sind nicht gestattet.</p>
<p style="text-align: justify;">Übersetzt mit www.DeepL.com/Translator (kostenlose Version)</p>
<div id="gtx-trans" style="position: absolute; left: 496px; top: 0px;"></div>
