{"id":44199,"date":"2021-10-27T14:37:20","date_gmt":"2021-10-27T14:37:20","guid":{"rendered":"https:\/\/novagestioinmobiliaria.com\/?post_type=estate&#038;p=44199"},"modified":"2021-11-02T10:39:08","modified_gmt":"2021-11-02T10:39:08","slug":"wohnung-vermieten-in-manacor-nova-gestio-inmobiliaria-pi975ma-ade","status":"publish","type":"estate","link":"https:\/\/novagestioinmobiliaria.com\/de\/propiedades-properties-immobilien\/wohnung-vermieten-in-manacor-nova-gestio-inmobiliaria-pi975ma-ade\/","title":{"rendered":"Wohnung vermieten in Manacor : : PI975MA-ADE"},"content":{"rendered":"<p style=\"text-align: justify;\"><strong>Wohnung mit freiem Dach in Manacor zu vermieten<\/strong>, von ca. 90 m\u00b2, verteilt auf 2 Doppelschlafzimmer mit Einbauschr\u00e4nken, 2 B\u00e4der (1 mit Badewanne und das andere mit Dusche), ein gro\u00dfes Wohn-Esszimmer, die K\u00fcche (m\u00f6bliert und ausgestattet mit Vitro, Backofen und K\u00fchlschrank) und eine Waschk\u00fcche (mit Waschmaschine und elektrischem Boiler). Es wird teilm\u00f6bliert vermietet und hat eine Vorinstallation der Klimaanlage. Die Wohnung befindet sich im 2. Stock ohne Aufzug; es ist ein Geb\u00e4ude mit nur 5 Nachbarn.<\/p>\n<p style=\"text-align: justify; padding-left: 30px;\"><strong><span style=\"text-decoration: underline;\">Mietkonditionen:<\/span><\/strong><br \/>\n\u2022 Ausschlie\u00dflich zur Langzeitmiete.<br \/>\n\u2022 Zahlungsf\u00e4higkeit muss vorgewiesen werden.<br \/>\n\u2022 Gemeinschaftsbeitr\u00e4ge sind im Mietpreis inklusive, Nebenkosten (Elektrizit\u00e4t, Wasser und Abfall) sind separat zu zahlen.<br \/>\n\u2022 1 Monatsmiete Kaution, 1 Monatsmiete Maklerprovision.<br \/>\n\u2022 Tiere sind nicht gestattet.<\/p>\n<p style=\"text-align: justify;\">\u00dcbersetzt mit www.DeepL.com\/Translator<\/p>\n<p style=\"text-align: justify;\"><strong>Nova Gestio Inmobiliaria (Inmobiliaria en Manacor &#8211; Mallorca)<\/strong><\/p>\n","protected":false},"author":1,"featured_media":48672,"template":"","_links":{"self":[{"href":"https:\/\/novagestioinmobiliaria.com\/de\/wp-json\/wp\/v2\/estate\/44199"}],"collection":[{"href":"https:\/\/novagestioinmobiliaria.com\/de\/wp-json\/wp\/v2\/estate"}],"about":[{"href":"https:\/\/novagestioinmobiliaria.com\/de\/wp-json\/wp\/v2\/types\/estate"}],"author":[{"embeddable":true,"href":"https:\/\/novagestioinmobiliaria.com\/de\/wp-json\/wp\/v2\/users\/1"}],"wp:featuredmedia":[{"embeddable":true,"href":"https:\/\/novagestioinmobiliaria.com\/de\/wp-json\/wp\/v2\/media\/48672"}],"wp:attachment":[{"href":"https:\/\/novagestioinmobiliaria.com\/de\/wp-json\/wp\/v2\/media?parent=44199"}],"curies":[{"name":"wp","href":"https:\/\/api.w.org\/{rel}","templated":true}]}}

<p style="text-align: justify;"><strong>Wohnung mit freiem Dach in Manacor zu vermieten</strong>, von ca. 90 m², verteilt auf 2 Doppelschlafzimmer mit Einbauschränken, 2 Bäder (1 mit Badewanne und das andere mit Dusche), ein großes Wohn-Esszimmer, die Küche (möbliert und ausgestattet mit Vitro, Backofen und Kühlschrank) und eine Waschküche (mit Waschmaschine und elektrischem Boiler). Es wird teilmöbliert vermietet und hat eine Vorinstallation der Klimaanlage. Die Wohnung befindet sich im 2. Stock ohne Aufzug; es ist ein Gebäude mit nur 5 Nachbarn.</p>
<p style="text-align: justify; padding-left: 30px;"><strong><span style="text-decoration: underline;">Mietkonditionen:</span></strong><br />
• Ausschließlich zur Langzeitmiete.<br />
• Zahlungsfähigkeit muss vorgewiesen werden.<br />
• Gemeinschaftsbeiträge sind im Mietpreis inklusive, Nebenkosten (Elektrizität, Wasser und Abfall) sind separat zu zahlen.<br />
• 1 Monatsmiete Kaution, 1 Monatsmiete Maklerprovision.<br />
• Tiere sind nicht gestattet.</p>
<p style="text-align: justify;">Übersetzt mit www.DeepL.com/Translator</p>
<p style="text-align: justify;"><strong>Nova Gestio Inmobiliaria (Inmobiliaria en Manacor &#8211; Mallorca)</strong></p>
