{"id":47637,"date":"2021-09-02T07:36:48","date_gmt":"2021-09-02T07:36:48","guid":{"rendered":"https:\/\/novagestioinmobiliaria.com\/propiedades-properties-immobilien\/finca-rustica-zu-vermieten-son-carrio-fr1045sca-aes\/"},"modified":"2021-09-22T11:22:39","modified_gmt":"2021-09-22T11:22:39","slug":"finca-rustica-zu-vermieten-son-carrio-fr1045sca-aes","status":"publish","type":"estate","link":"https:\/\/novagestioinmobiliaria.com\/de\/propiedades-properties-immobilien\/finca-rustica-zu-vermieten-son-carrio-fr1045sca-aes\/","title":{"rendered":"Finca rustica zu vermieten Son Carri\u00f3 :: FR1045SCA-ADE"},"content":{"rendered":"<p>Verf\u00fcgbar ab 1. Oktober 2021<\/p>\n<p>Ruhiges <strong>Landhaus<\/strong> mit 2 Schlafzimmern zu vermieten, <strong>Son Carri\u00f3<\/strong>. Es besteht aus 1 Doppelzimmer, 1 Einzelzimmer, einem kompletten Badezimmer, K\u00fcche mit integriertem Wohnzimmer und <strong>Kamin<\/strong>. Eine fantastische <strong> Veranda <\/strong> umgeben von G\u00e4rten, auf der Sie die Ruhe der Landschaft genie\u00dfen k\u00f6nnen. <strong> Gemeinschaftspool <\/strong>.<\/p>\n<p>Mietbedingungen:<\/p>\n<ul>\n<li>Wesentliche Arbeitsvertr\u00e4ge oder Gehaltsabrechnung<\/li>\n<li>2 Monate Kaution<\/li>\n<li>1 Monat Agenturgeb\u00fchren<\/li>\n<li>Strom- und Wasserkosten nicht inbegriffen.<\/li>\n<\/ul>\n<p>\u00dcbersetzt mit www.DeepL.com\/Translator (kostenlose Version)<\/p>\n","protected":false},"author":1,"featured_media":47488,"template":"","_links":{"self":[{"href":"https:\/\/novagestioinmobiliaria.com\/de\/wp-json\/wp\/v2\/estate\/47637"}],"collection":[{"href":"https:\/\/novagestioinmobiliaria.com\/de\/wp-json\/wp\/v2\/estate"}],"about":[{"href":"https:\/\/novagestioinmobiliaria.com\/de\/wp-json\/wp\/v2\/types\/estate"}],"author":[{"embeddable":true,"href":"https:\/\/novagestioinmobiliaria.com\/de\/wp-json\/wp\/v2\/users\/1"}],"wp:featuredmedia":[{"embeddable":true,"href":"https:\/\/novagestioinmobiliaria.com\/de\/wp-json\/wp\/v2\/media\/47488"}],"wp:attachment":[{"href":"https:\/\/novagestioinmobiliaria.com\/de\/wp-json\/wp\/v2\/media?parent=47637"}],"curies":[{"name":"wp","href":"https:\/\/api.w.org\/{rel}","templated":true}]}}

Finca rustica zu vermieten Son Carrió :: FR1045SCA-ADE

<p>Verfügbar ab 1. Oktober 2021</p>
<p>Ruhiges <strong>Landhaus</strong> mit 2 Schlafzimmern zu vermieten, <strong>Son Carrió</strong>. Es besteht aus 1 Doppelzimmer, 1 Einzelzimmer, einem kompletten Badezimmer, Küche mit integriertem Wohnzimmer und <strong>Kamin</strong>. Eine fantastische <strong> Veranda </strong> umgeben von Gärten, auf der Sie die Ruhe der Landschaft genießen können. <strong> Gemeinschaftspool </strong>.</p>
<p>Mietbedingungen:</p>
<ul>
<li>Wesentliche Arbeitsverträge oder Gehaltsabrechnung</li>
<li>2 Monate Kaution</li>
<li>1 Monat Agenturgebühren</li>
<li>Strom- und Wasserkosten nicht inbegriffen.</li>
</ul>
<p>Übersetzt mit www.DeepL.com/Translator (kostenlose Version)</p>
