{"id":51200,"date":"2022-01-24T16:26:22","date_gmt":"2022-01-24T16:26:22","guid":{"rendered":"https:\/\/novagestioinmobiliaria.com\/propiedades-properties-immobilien\/wohnung-zu-vermieten-manacor-pi1155ma-ves\/"},"modified":"2022-02-05T10:06:44","modified_gmt":"2022-02-05T10:06:44","slug":"wohnung-zu-vermieten-manacor-pi1155ma-ves","status":"publish","type":"estate","link":"https:\/\/novagestioinmobiliaria.com\/de\/propiedades-properties-immobilien\/wohnung-zu-vermieten-manacor-pi1155ma-ves\/","title":{"rendered":"Wohnung zu vermieten Manacor : :  PI1155MA-VDE"},"content":{"rendered":"<p><strong>Wohnung zu vermieten in Manacor Centro<\/strong><br \/>\nWohnung von <strong>135m2<\/strong>, verteilt auf insgesamt 4 Schlafzimmer, drei davon Doppelzimmer und ein kleines Einzelzimmer als Ankleide- oder Abstellraum, 2 Badezimmer, eines komplett mit Badewanne und Toilette, Wohnzimmer mit Dekoration Kamin (funktioniert nicht), moderne K\u00fcche eingerichtet und komplett ausgestattet mit Backofen, Cerankochfeld, Geschirrsp\u00fcler und Platz f\u00fcr einen Tisch f\u00fcr mindestens 4 Personen. Es verf\u00fcgt \u00fcber 1 kleinen Balkon.<br \/>\nFast alle Zimmer haben Parkett, zwei Klimaanlagen und <strong>M\u00f6glichkeit eines gemeinsamen Parkplatzes<\/strong> (nicht im Preis inbegriffen).<\/p>\n<p>MIETBEDINGUNGEN<br \/>\n&#8211; Arbeitsvertr\u00e4ge und wirtschaftliche Zahlungsf\u00e4higkeit werden abgefragt<br \/>\n&#8211; Versorgungskosten (Wasser, Gemeinde, Strom und M\u00fcll) NICHT enthalten<br \/>\n&#8211; Keine Haustiere erlaubt<br \/>\n&#8211; 1 Monat Kaution und 1 Monat Vermittlungsgeb\u00fchren<\/p>\n","protected":false},"author":1,"featured_media":51192,"template":"","_links":{"self":[{"href":"https:\/\/novagestioinmobiliaria.com\/de\/wp-json\/wp\/v2\/estate\/51200"}],"collection":[{"href":"https:\/\/novagestioinmobiliaria.com\/de\/wp-json\/wp\/v2\/estate"}],"about":[{"href":"https:\/\/novagestioinmobiliaria.com\/de\/wp-json\/wp\/v2\/types\/estate"}],"author":[{"embeddable":true,"href":"https:\/\/novagestioinmobiliaria.com\/de\/wp-json\/wp\/v2\/users\/1"}],"wp:featuredmedia":[{"embeddable":true,"href":"https:\/\/novagestioinmobiliaria.com\/de\/wp-json\/wp\/v2\/media\/51192"}],"wp:attachment":[{"href":"https:\/\/novagestioinmobiliaria.com\/de\/wp-json\/wp\/v2\/media?parent=51200"}],"curies":[{"name":"wp","href":"https:\/\/api.w.org\/{rel}","templated":true}]}}

<p><strong>Wohnung zu vermieten in Manacor Centro</strong><br />
Wohnung von <strong>135m2</strong>, verteilt auf insgesamt 4 Schlafzimmer, drei davon Doppelzimmer und ein kleines Einzelzimmer als Ankleide- oder Abstellraum, 2 Badezimmer, eines komplett mit Badewanne und Toilette, Wohnzimmer mit Dekoration Kamin (funktioniert nicht), moderne Küche eingerichtet und komplett ausgestattet mit Backofen, Cerankochfeld, Geschirrspüler und Platz für einen Tisch für mindestens 4 Personen. Es verfügt über 1 kleinen Balkon.<br />
Fast alle Zimmer haben Parkett, zwei Klimaanlagen und <strong>Möglichkeit eines gemeinsamen Parkplatzes</strong> (nicht im Preis inbegriffen).</p>
<p>MIETBEDINGUNGEN<br />
&#8211; Arbeitsverträge und wirtschaftliche Zahlungsfähigkeit werden abgefragt<br />
&#8211; Versorgungskosten (Wasser, Gemeinde, Strom und Müll) NICHT enthalten<br />
&#8211; Keine Haustiere erlaubt<br />
&#8211; 1 Monat Kaution und 1 Monat Vermittlungsgebühren</p>
