{"id":57743,"date":"2022-11-13T07:13:28","date_gmt":"2022-11-13T07:13:28","guid":{"rendered":"https:\/\/novagestioinmobiliaria.com\/propiedades-properties-immobilien\/garage-zu-vermieten-manacor-ga1312ma-aes\/"},"modified":"2022-11-14T09:20:21","modified_gmt":"2022-11-14T09:20:21","slug":"garage-zu-vermieten-manacor-ga1312ma-aes","status":"publish","type":"estate","link":"https:\/\/novagestioinmobiliaria.com\/de\/propiedades-properties-immobilien\/garage-zu-vermieten-manacor-ga1312ma-aes\/","title":{"rendered":"Garage zu vermieten Manacor : : GA1312MA-ADE"},"content":{"rendered":"<p style=\"text-align: justify;\">Gro\u00dfe <strong>Garage zur Miete in Manacor<\/strong>, ideal zum Lagern oder Parken f\u00fcr Autos und Lagerung, 140 m2. Es hat eine kommunale Furt, Strom und Wasser. Es hat eine H\u00f6he von 3,5 Metern. in der N\u00e4he des Zentrums.<\/p>\n<p><strong>Nova Gestio Immobilien in Manacor<\/strong><\/p>\n","protected":false},"author":1,"featured_media":57694,"template":"","_links":{"self":[{"href":"https:\/\/novagestioinmobiliaria.com\/de\/wp-json\/wp\/v2\/estate\/57743"}],"collection":[{"href":"https:\/\/novagestioinmobiliaria.com\/de\/wp-json\/wp\/v2\/estate"}],"about":[{"href":"https:\/\/novagestioinmobiliaria.com\/de\/wp-json\/wp\/v2\/types\/estate"}],"author":[{"embeddable":true,"href":"https:\/\/novagestioinmobiliaria.com\/de\/wp-json\/wp\/v2\/users\/1"}],"wp:featuredmedia":[{"embeddable":true,"href":"https:\/\/novagestioinmobiliaria.com\/de\/wp-json\/wp\/v2\/media\/57694"}],"wp:attachment":[{"href":"https:\/\/novagestioinmobiliaria.com\/de\/wp-json\/wp\/v2\/media?parent=57743"}],"curies":[{"name":"wp","href":"https:\/\/api.w.org\/{rel}","templated":true}]}}

<p style="text-align: justify;">Große <strong>Garage zur Miete in Manacor</strong>, ideal zum Lagern oder Parken für Autos und Lagerung, 140 m2. Es hat eine kommunale Furt, Strom und Wasser. Es hat eine Höhe von 3,5 Metern. in der Nähe des Zentrums.</p>
<p><strong>Nova Gestio Immobilien in Manacor</strong></p>
